{"id":4856,"date":"2025-09-25T16:56:08","date_gmt":"2025-09-25T21:56:08","guid":{"rendered":"https:\/\/electrofam.com.co\/?post_type=product&#038;p=4856"},"modified":"2026-01-27T14:48:49","modified_gmt":"2026-01-27T19:48:49","slug":"samsung-galaxy-a26-5g-de-256gb-8gb-ram","status":"publish","type":"product","link":"https:\/\/electrofam.com.co\/?product=samsung-galaxy-a26-5g-de-256gb-8gb-ram","title":{"rendered":"Samsung Galaxy A26 5G De 256GB\/8GB RAM"},"content":{"rendered":"<h2 style=\"font-weight: 900;\">Descripci\u00f3n<\/h2>\n<p style=\"font-weight: inherit;\">\u00bfBuscas un smartphone que combina rendimiento, dise\u00f1o y precio accesible? \u00a1El Samsung Galaxy A26 5G es tu mejor opci\u00f3n! Este dispositivo no solo destaca por su apariencia premium, sino tambi\u00e9n por sus impresionantes caracter\u00edsticas t\u00e9cnicas.<\/p>\n<p style=\"font-weight: inherit;\">Samsung Galaxy A26 5G incluye una variedad de caracter\u00edsticas impresionantes y ofrece un rendimiento sin demoras, ofreciendo una navegaci\u00f3n fluida, Mira v\u00eddeos ininterrumpidos y juega un sinf\u00edn de juegos con una impresionante frecuencia de actualizaci\u00f3n una resoluci\u00f3n 1080 x 2340 (FHD+) Pantalla de (6,5) este tel\u00e9fono inteligente cambia las reglas del juego. No te preocupes por quedarte sin energ\u00eda con una potente bater\u00eda de 5000mAh.<\/p>\n<p style=\"font-weight: inherit;\">El Samsung Galaxy A26 5G es una potencia multitarea, que funciona en perfecta armon\u00eda con la frecuencia de actualizaci\u00f3n para ofrecer un rendimiento ultrasuave. Ya sea que est\u00e9s cambiando entre aplicaciones, transmitiendo contenido o realizando tareas intensivas, Samsung Galaxy A26 5G lo maneja todo con facilidad. Experimenta el poder de la fluidez ininterrumpida, donde cada toque y deslizamiento responde al instante, lo que hace que la experiencia de tu smartphone sea m\u00e1s intuitiva y agradable.<\/p>\n<p style=\"font-weight: inherit;\">No cargue su tel\u00e9fono inteligente en condiciones h\u00famedas. La escena de la vida es diferente del entorno experimental. No sumerja su tel\u00e9fono inteligente en agua por completo ni lo exponga a soluciones como agua de mar y agua clorada o l\u00edquidos como bebidas durante el uso diario. Su garant\u00eda no cubre los da\u00f1os causados por la inmersi\u00f3n artificial de su dispositivo en l\u00edquido.<\/p>\n<p style=\"font-weight: inherit;\"><b><strong>Caracter\u00edsticas\u00a0<\/strong><\/b><\/p>\n<ul>\n<li>Peso 200 (g)<\/li>\n<li>Velocidad de la CPU<\/li>\n<li>2.4GHz, 2GHz<\/li>\n<li>Procesador<\/li>\n<li>Velocidad de la CPU 2.4GHz, 2GHz &#8211; Octa-Core<\/li>\n<li>Pantalla Principal<\/li>\n<li>169.1mm (6.7&#8243; rect\u00e1ngulo completo) \/ 164.5mm (6.5&#8243; bordes redondeados)<\/li>\n<li>Resoluci\u00f3n\u00a0\u00a01080 x 2340 (FHD+) S\u00faper AMOLED<\/li>\n<li>C\u00e1mara Principal &#8211; Resoluci\u00f3n (M\u00faltiple)<\/li>\n<li>50.0 MP + 8.0 MP + 2.0 MP<\/li>\n<li>C\u00e1mara Frontal- Resoluci\u00f3n 13.0 MP<\/li>\n<li>Memoria (GB) 8 Almacenamiento (GB) 256<\/li>\n<li>OS\u00a0\u00a0Android<\/li>\n<li>Aceler\u00f3metro, Sensor de huella, Sensor girosc\u00f3pico, Sensor geomagn\u00e9tico, Sensor de luz, Detecci\u00f3n de Proximidad Virtual<\/li>\n<li>Capacidad de la bater\u00eda 5000mAh<\/li>\n<\/ul>\n<p style=\"font-weight: inherit;\"><b><strong>En la caja:<\/strong><\/b>\u00a0Celular Samsung\/ cable de carga\/ herramienta de extracci\u00f3n\/ manual<\/p>\n<p style=\"font-weight: inherit;\"><b><strong>Nota:\u00a0<\/strong><\/b>Las im\u00e1genes publicadas, son representaciones fotogr\u00e1ficas que ilustran de manera aproximada las caracter\u00edsticas de los equipos y pueden variar respecto a la realidad seg\u00fan la resoluci\u00f3n de estas.<\/p>\n","protected":false},"excerpt":{"rendered":"<p>El Samsung Galaxy A26 5G es una potencia multitarea, que funciona en perfecta armon\u00eda con la frecuencia de actualizaci\u00f3n para ofrecer un rendimiento ultrasuave. Ya sea que est\u00e9s cambiando entre aplicaciones, transmitiendo contenido o realizando tareas intensivas, Samsung Galaxy A26 5G lo maneja todo con facilidad.<\/p>\n","protected":false},"featured_media":4859,"comment_status":"open","ping_status":"closed","template":"","meta":{"site-sidebar-layout":"default","site-content-layout":"","ast-site-content-layout":"default","site-content-style":"default","site-sidebar-style":"default","ast-global-header-display":"","ast-banner-title-visibility":"","ast-main-header-display":"","ast-hfb-above-header-display":"","ast-hfb-below-header-display":"","ast-hfb-mobile-header-display":"","site-post-title":"","ast-breadcrumbs-content":"","ast-featured-img":"","footer-sml-layout":"","theme-transparent-header-meta":"default","adv-header-id-meta":"","stick-header-meta":"","header-above-stick-meta":"","header-main-stick-meta":"","header-below-stick-meta":"","astra-migrate-meta-layouts":"set","ast-page-background-enabled":"default","ast-page-background-meta":{"desktop":{"background-color":"","background-image":"","background-repeat":"repeat","background-position":"center center","background-size":"auto","background-attachment":"scroll","background-type":"","background-media":"","overlay-type":"","overlay-color":"","overlay-opacity":"","overlay-gradient":""},"tablet":{"background-color":"","background-image":"","background-repeat":"repeat","background-position":"center center","background-size":"auto","background-attachment":"scroll","background-type":"","background-media":"","overlay-type":"","overlay-color":"","overlay-opacity":"","overlay-gradient":""},"mobile":{"background-color":"","background-image":"","background-repeat":"repeat","background-position":"center center","background-size":"auto","background-attachment":"scroll","background-type":"","background-media":"","overlay-type":"","overlay-color":"","overlay-opacity":"","overlay-gradient":""}},"ast-content-background-meta":{"desktop":{"background-color":"var(--ast-global-color-5)","background-image":"","background-repeat":"repeat","background-position":"center center","background-size":"auto","background-attachment":"scroll","background-type":"","background-media":"","overlay-type":"","overlay-color":"","overlay-opacity":"","overlay-gradient":""},"tablet":{"background-color":"var(--ast-global-color-5)","background-image":"","background-repeat":"repeat","background-position":"center center","background-size":"auto","background-attachment":"scroll","background-type":"","background-media":"","overlay-type":"","overlay-color":"","overlay-opacity":"","overlay-gradient":""},"mobile":{"background-color":"var(--ast-global-color-5)","background-image":"","background-repeat":"repeat","background-position":"center center","background-size":"auto","background-attachment":"scroll","background-type":"","background-media":"","overlay-type":"","overlay-color":"","overlay-opacity":"","overlay-gradient":""}}},"product_brand":[134],"product_cat":[116],"product_tag":[110,131,151,150,95,136,139],"class_list":{"0":"post-4856","1":"product","2":"type-product","3":"status-publish","4":"has-post-thumbnail","6":"product_brand-samsung","7":"product_cat-samsung","8":"product_tag-256gb","9":"product_tag-5g","10":"product_tag-8ram","11":"product_tag-a26","12":"product_tag-celular","13":"product_tag-galaxi","14":"product_tag-samung","15":"desktop-align-left","16":"tablet-align-left","17":"mobile-align-left","19":"first","20":"instock","21":"sale","22":"shipping-taxable","23":"purchasable","24":"product-type-variable","25":"has-default-attributes"},"jetpack_sharing_enabled":true,"_links":{"self":[{"href":"https:\/\/electrofam.com.co\/index.php?rest_route=\/wp\/v2\/product\/4856","targetHints":{"allow":["GET"]}}],"collection":[{"href":"https:\/\/electrofam.com.co\/index.php?rest_route=\/wp\/v2\/product"}],"about":[{"href":"https:\/\/electrofam.com.co\/index.php?rest_route=\/wp\/v2\/types\/product"}],"replies":[{"embeddable":true,"href":"https:\/\/electrofam.com.co\/index.php?rest_route=%2Fwp%2Fv2%2Fcomments&post=4856"}],"version-history":[{"count":3,"href":"https:\/\/electrofam.com.co\/index.php?rest_route=\/wp\/v2\/product\/4856\/revisions"}],"predecessor-version":[{"id":6254,"href":"https:\/\/electrofam.com.co\/index.php?rest_route=\/wp\/v2\/product\/4856\/revisions\/6254"}],"wp:featuredmedia":[{"embeddable":true,"href":"https:\/\/electrofam.com.co\/index.php?rest_route=\/wp\/v2\/media\/4859"}],"wp:attachment":[{"href":"https:\/\/electrofam.com.co\/index.php?rest_route=%2Fwp%2Fv2%2Fmedia&parent=4856"}],"wp:term":[{"taxonomy":"product_brand","embeddable":true,"href":"https:\/\/electrofam.com.co\/index.php?rest_route=%2Fwp%2Fv2%2Fproduct_brand&post=4856"},{"taxonomy":"product_cat","embeddable":true,"href":"https:\/\/electrofam.com.co\/index.php?rest_route=%2Fwp%2Fv2%2Fproduct_cat&post=4856"},{"taxonomy":"product_tag","embeddable":true,"href":"https:\/\/electrofam.com.co\/index.php?rest_route=%2Fwp%2Fv2%2Fproduct_tag&post=4856"}],"curies":[{"name":"wp","href":"https:\/\/api.w.org\/{rel}","templated":true}]}}